rime?
True
Is 12319388807 a composite number?
True
Is 15769771529 prime?
False
Is 1540180221 composite?
True
Is 1169101207 a prime number?
True
Is 17032913 prime?
False
Is 41423230447 a prime number?
False
Is 2748998719 a prime number?
False
Is 976475153 prime?
False
Is 3479923481 a composite number?
True
Is 18987512263 composite?
False
Is 251039680313 prime?
True
Is 25370435723 composite?
False
Is 5916884269 composite?
False
Is 71621483 prime?
True
Is 2334665497 a prime number?
True
Is 709787173 composite?
True
Is 3950625821 a prime number?
True
Is 5826383729 composite?
False
Is 133817523181 composite?
True
Is 333734519 a composite number?
True
Is 203148851 a prime number?
True
Is 5672392081 prime?
True
Is 1849658593 prime?
False
Is 373453487 composite?
True
Is 10288627429 prime?
False
Is 1972608917 a composite number?
False
Is 409333339 a composite number?
True
Is 14782682699 a prime number?
True
Is 13988713631 prime?
False
Is 1457671223 composite?
True
Is 14330111503 prime?
True
Is 22358498523 prime?
False
Is 114862399 composite?
True
Is 1592335289 a composite number?
True
Is 1972439661 prime?
False
Is 49367173 a prime number?
True
Is 453190763 a prime number?
False
Is 956394871 prime?
False
Is 502444667 composite?
True
Is 807447479 a prime number?
False
Is 909869977 a composite number?
False
Is 595810619 a prime number?
False
Is 7771429847 a composite number?
True
Is 6270460499 prime?
True
Is 264585188533 prime?
True
Is 9485713379 composite?
False
Is 126083274541 composite?
True
Is 35705509507 prime?
True
Is 591050717 a prime number?
False
Is 6903546527 composite?
False
Is 469488517 composite?
True
Is 4535898161 a prime number?
True
Is 2558679847 a composite number?
False
Is 1659911507 prime?
True
Is 89731979033 composite?
True
Is 4762899949 prime?
False
Is 2431459549 a composite number?
True
Is 1707384587 composite?
False
Is 1965873121 composite?
False
Is 94379723 composite?
False
Is 940566343 composite?
False
Is 2020108817 a composite number?
False
Is 7179314629 a composite number?
False
Is 3596297191 prime?
True
Is 2976385649 a composite number?
False
Is 85257355 prime?
False
Is 214557761 a composite number?
True
Is 23712349891 a composite number?
True
Is 5806721269 a composite number?
True
Is 261019193 composite?
True
Is 725453711 composite?
False
Is 102588297101 a prime number?
False
Is 42941055607 prime?
False
Is 323007257 a composite number?
False
Is 1192966979 composite?
True
Is 9769502117 prime?
True
Is 14003831167 a prime number?
False
Is 134645633 prime?
True
Is 940361447 composite?
True
Is 259053997687 prime?
False
Is 3975725353 a composite number?
False
Is 149193061033 composite?
False
Is 65433239 prime?
True
Is 13885389757 a prime number?
True
Is 2633639519 composite?
True
Is 309460183 composite?
False
Is 361978517 a prime number?
True
Is 45169651177 prime?
False
Is 249268597429 a composite number?
True
Is 45458402503 prime?
True
Is 6955058689 a composite number?
False
Is 494323139 a prime number?
True
Is 6354958531 prime?
True
Is 1105654663 composite?
False
Is 7201195486 a prime number?
False
Is 7114771321 prime?
False
Is 110903677 prime?
False
Is 9305346793 a composite number?
True
Is 265760322877 a composite number?
True
Is 417654059 a composite number?
True
Is 2747188267 prime?
False
Is 108513823529 a composite number?
True
Is 442640927 prime?
False
Is 29492119 a prime number?
False
Is 99041228197 a prime number?
False
Is 3514549058 prime?
False
Is 312062663915 composite?
True
Is 1938980801 a prime number?
False
Is 1412328647 composite?
True
Is 413096837 a prime number?
False
Is 8435797 composite?
False
Is 6913757971 a composite number?
False
Is 5159856397 prime?
False
Is 1602748649 a prime number?
True
Is 38164717651 prime?
True
Is 1618291723 composite?
False
Is 10377856037 a prime number?
True
Is 2357366491 a composite number?
False
Is 165081039 prime?
False
Is 52406624701 composite?
True
Is 17783653133 prime?
True
Is 55923384359 prime?
True
Is 3533159677 a prime number?
True
Is 74179250927 a composite number?
True
Is 52871673391 prime?
True
Is 150301439 a prime number?
True
Is 3301759169 composite?
True
Is 51744767981 composite?
True
Is 856179953 a prime number?
False
Is 223826587 a composite number?
False
Is 492243359 a prime number?
True
Is 5536531813 composite?
False
Is 5092086005 prime?
False
Is 73296827753 composite?
True
Is 177098497 composite?
False
Is 194157719557 prime?
True
Is 4426843607 prime?
True
Is 7245669017 a composite number?
True
Is 1770457882 a prime number?
False
Is 829402703 prime?
True
Is 15732256723 a prime number?
True
Is 59494469 a composite number?
False
Is 730241191 composite?
True
Is 32333837219 a composite number?
False
Is 7911979813 prime?
False
Is 523723763 a composite number?
False
Is 1438926961 a prime number?
True
Is 4544984749 composite?
True
Is 3482605079 composite?
False
Is 4269254203 a composite number?
False
Is 1440754361 a composite number?
False
Is 1676269501 a composite number?
False
Is 2537658857 prime?
True
Is 1055391661 prime?
True
Is 29244107483 prime?
False
Is 343958189 a prime number?
True
Is 44033608943 prime?
False
Is 5751217897 prime?
False
Is 105939302377 a prime number?
False
Is 177458881 prime?
False
Is 907915363 prime?
False
Is 1061651447 composite?
False
Is 22962517807 a prime number?
True
Is 5738399129 composite?
False
Is 114362116067 a composite number?
False
Is 680149637 a composite number?
False
Is 36091870327 a composite number?
False
Is 1530823817 a composite number?
False
Is 23387512367 a composite number?
False
Is 156586642321 composite?
True
Is 11559990709 a prime number?
True
Is 6713712809 a composite number?
False
Is 237100141 prime?
True
Is 3289816213 a composite number?
True
Is 25716300431 prime?
True
Is 354293671 a composite number?
False
Is 6427170121 composite?
True
Is 19546266839 a prime number?
False
Is 11625753077 composite?
False
Is 1461834103 prime?
False
Is 848488327 a prime number?
False
Is 112725989 prime?
True
Is 9505975201 composite?
False
Is 52262891 composite?
True
Is 10996920455 prime?
False
Is 9420880279 composite?
False
Is 4199606189 prime?
False
Is 96525874703 a composite number?
True
Is 4807496201 composite?
False
Is 898496507 a composite number?
True
Is 327077137 a prime number?
True
Is 63894211789 composite?
True
Is 144853453 composite?
False
Is 873455119 a composite number?
False
Is 7855887703 a prime number?
True
Is 87465982453 prime?
True
Is 433164349 prime?
True
Is 3992601343 composite?
False
Is 1764906349 a composite number?
True
Is 2453413007 a composite number?
True
Is 26775731401 a composite number?
True
Is 3034042243 a composite number?
True
Is 46622958443 prime?
False
Is 41631345557 a composite number?
False
Is 3208570457 a composite number?
True
Is 48270450119 a composite number?
False
Is 9956610343 a prime number?
True
Is 11275650073 prime?
False
Is 171975113 a prime number?
True
Is 3350660153 a composite number?
True
Is 1479217801 a prime number?
True
Is 12242899189 a prime number?
False
Is 19716853907 a composite number?
True
Is 5323201069 a composite number?
True
Is 13987320331 composite?
False
Is 28753957129 prime?
False
Is 249965299 a composite number?
True
Is 7049363467 a prime number?
False
Is 39969598553 composite?
False
Is 498775679 prime?
False
Is 26225840387 a composite number?
True
Is 6552268847 composite?
False
Is 12298382009 a prime number?
False
Is 194518823 composite?
False
Is 823058413 composite?
False
Is 5965175861 prime?
True
Is 2108452103 a composite number?
True
Is 48016856003 composite?
True
Is 1908862313 prime?
True
Is 2517185423 composite?
False
Is 1484310109 prime?
True
Is 1224331886 composite?
True
Is 8648172413 composite?
False
Is 19361062043 prime?
False
Is 224194223 a composite number?
True
Is 25134971767 prime?
False
Is 18447150929 prime?
True
Is 1889814187 a prime number?
True
Is 41161040483 a composite number?
False
Is 31510005229 a prime number?
False
Is 3908509183 a composite number?
False
Is 2501068709 a prime number?
True
Is 16362783127 a prime number?
True
Is 10163909663 prime?
False
Is 77427885011 a prime number?
False
Is 41209748549 composite?
False
Is 4220814317 prime?
True
Is 5245353487 a composite number?
True
Is 16228262401 prime?
False
Is 11029471289 a prime number?
Tru